{"id":7914,"date":"2025-07-10T12:44:44","date_gmt":"2025-07-10T10:44:44","guid":{"rendered":"https:\/\/starsforeurope.com\/fr\/?page_id=7914"},"modified":"2025-07-21T23:43:24","modified_gmt":"2025-07-21T21:43:24","slug":"a-savoir","status":"publish","type":"page","link":"https:\/\/starsforeurope.com\/fr\/connaissance\/a-savoir\/","title":{"rendered":"Tout sur les poinsettias"},"content":{"rendered":"<div class=\"wp-block-group postimage-half wide-content is-layout-flow wp-block-group-is-layout-flow\" style=\"margin-top:var(--wp--preset--spacing--50)\">\n<div style=\"height:3rem\" aria-hidden=\"true\" class=\"wp-block-spacer\"><\/div>\n\n\n\n<div class=\"wp-block-query is-layout-flow wp-block-query-is-layout-flow\"><ul class=\"columns-2 wp-block-post-template is-layout-grid wp-container-core-post-template-is-layout-37ef2942 wp-block-post-template-is-layout-grid\"><li class=\"wp-block-post post-8269 blog type-blog status-publish has-post-thumbnail hentry\">\n<figure style=\"aspect-ratio:1;\" class=\"featuredimage wp-block-post-featured-image\"><a href=\"https:\/\/starsforeurope.com\/fr\/blog\/points-de-noel-un-symbole-de-noel-dans-le-monde-entier\/\" target=\"_self\"  ><img loading=\"lazy\" decoding=\"async\" width=\"1050\" height=\"875\" src=\"https:\/\/starsforeurope.com\/fr\/wp-content\/uploads\/sites\/13\/2025\/09\/2022_poinsettia_06000_Christmas_Warmth_03.jpg\" class=\"attachment-post-thumbnail size-post-thumbnail wp-post-image\" alt=\"Poinsettia : symbolique, origines &amp; inspiration pour la p\u00e9riode de l\u2019Avent\u00a0\" style=\"width:100%;height:100%;object-fit:cover;\" srcset=\"https:\/\/starsforeurope.com\/fr\/wp-content\/uploads\/sites\/13\/2025\/09\/2022_poinsettia_06000_Christmas_Warmth_03.jpg 1050w, https:\/\/starsforeurope.com\/fr\/wp-content\/uploads\/sites\/13\/2025\/09\/2022_poinsettia_06000_Christmas_Warmth_03-300x250.jpg 300w, https:\/\/starsforeurope.com\/fr\/wp-content\/uploads\/sites\/13\/2025\/09\/2022_poinsettia_06000_Christmas_Warmth_03-1024x853.jpg 1024w, https:\/\/starsforeurope.com\/fr\/wp-content\/uploads\/sites\/13\/2025\/09\/2022_poinsettia_06000_Christmas_Warmth_03-768x640.jpg 768w\" sizes=\"auto, (max-width: 1050px) 100vw, 1050px\" \/><\/a><\/figure>\n\n<h3 class=\"wp-block-post-title\"><a href=\"https:\/\/starsforeurope.com\/fr\/blog\/points-de-noel-un-symbole-de-noel-dans-le-monde-entier\/\" target=\"_self\" >Poinsettia : symbolique, origines &amp; inspiration pour la p\u00e9riode de l\u2019Avent\u00a0<\/a><\/h3>\n\n\n<div class=\"wp-block-group postmetaline is-nowrap is-layout-flex wp-container-core-group-is-layout-6c531013 wp-block-group-is-layout-flex\"><div class=\"wp-block-post-date\"><time datetime=\"2025-09-10T15:13:00+02:00\">10. septembre 2025<\/time><\/div>\n\n<\/div>\n\n\n<div class=\"wp-block-post-excerpt\"><p class=\"wp-block-post-excerpt__excerpt\">Dehors, tout est gris, mais \u00e0 l\u2019int\u00e9rieur l\u2019ambiance est chaleureuse ! Les poinsettias apportent couleurs et symbolique pendant les mois d\u2019hiver et relient toute l\u2019Europe.<\/p><p class=\"wp-block-post-excerpt__more-text\"><a class=\"wp-block-post-excerpt__more-link\" href=\"https:\/\/starsforeurope.com\/fr\/blog\/points-de-noel-un-symbole-de-noel-dans-le-monde-entier\/\">Lire la suite<\/a><\/p><\/div>\n<\/li><li class=\"wp-block-post post-8259 blog type-blog status-publish has-post-thumbnail hentry\">\n<figure style=\"aspect-ratio:1;\" class=\"featuredimage wp-block-post-featured-image\"><a href=\"https:\/\/starsforeurope.com\/fr\/blog\/decoration-de-table-dapres-les-fetes-transformer-son-poinsettia-en-quelque-chose-de-nouveau\/\" target=\"_self\"  ><img loading=\"lazy\" decoding=\"async\" width=\"1050\" height=\"875\" src=\"https:\/\/starsforeurope.com\/fr\/wp-content\/uploads\/sites\/13\/2025\/09\/2025_Poinsettia_01120_DIY_Wallpaper_Vases_09.jpg\" class=\"attachment-post-thumbnail size-post-thumbnail wp-post-image\" alt=\"D\u00e9coration de table d\u2019apr\u00e8s les f\u00eates : transformer son poinsettia en quelque chose de nouveau\u00a0\" style=\"width:100%;height:100%;object-fit:cover;\" srcset=\"https:\/\/starsforeurope.com\/fr\/wp-content\/uploads\/sites\/13\/2025\/09\/2025_Poinsettia_01120_DIY_Wallpaper_Vases_09.jpg 1050w, https:\/\/starsforeurope.com\/fr\/wp-content\/uploads\/sites\/13\/2025\/09\/2025_Poinsettia_01120_DIY_Wallpaper_Vases_09-300x250.jpg 300w, https:\/\/starsforeurope.com\/fr\/wp-content\/uploads\/sites\/13\/2025\/09\/2025_Poinsettia_01120_DIY_Wallpaper_Vases_09-1024x853.jpg 1024w, https:\/\/starsforeurope.com\/fr\/wp-content\/uploads\/sites\/13\/2025\/09\/2025_Poinsettia_01120_DIY_Wallpaper_Vases_09-768x640.jpg 768w\" sizes=\"auto, (max-width: 1050px) 100vw, 1050px\" \/><\/a><\/figure>\n\n<h3 class=\"wp-block-post-title\"><a href=\"https:\/\/starsforeurope.com\/fr\/blog\/decoration-de-table-dapres-les-fetes-transformer-son-poinsettia-en-quelque-chose-de-nouveau\/\" target=\"_self\" >D\u00e9coration de table d\u2019apr\u00e8s les f\u00eates : transformer son poinsettia en quelque chose de nouveau\u00a0<\/a><\/h3>\n\n\n<div class=\"wp-block-group postmetaline is-nowrap is-layout-flex wp-container-core-group-is-layout-6c531013 wp-block-group-is-layout-flex\"><div class=\"wp-block-post-date\"><time datetime=\"2025-09-09T22:10:10+02:00\">09. septembre 2025<\/time><\/div>\n\n<\/div>\n\n\n<div class=\"wp-block-post-excerpt\"><p class=\"wp-block-post-excerpt__excerpt\">Cr\u00e9ez votre d\u00e9coration de table durable pour l\u2019hiver avec des poinsettias. Suivez nos instructions faciles pour une d\u00e9coration hivernale simple et \u00e9cologique! \u00c0 r\u00e9aliser d\u00e8s maintenant!<\/p><p class=\"wp-block-post-excerpt__more-text\"><a class=\"wp-block-post-excerpt__more-link\" href=\"https:\/\/starsforeurope.com\/fr\/blog\/decoration-de-table-dapres-les-fetes-transformer-son-poinsettia-en-quelque-chose-de-nouveau\/\">Lire la suite<\/a><\/p><\/div>\n<\/li><li class=\"wp-block-post post-8250 blog type-blog status-publish has-post-thumbnail hentry\">\n<figure style=\"aspect-ratio:1;\" class=\"featuredimage wp-block-post-featured-image\"><a href=\"https:\/\/starsforeurope.com\/fr\/blog\/bricolage-de-noel-avec-les-enfants-un-village-de-noel-fait-maison-avec-des-briques-en-cartons\/\" target=\"_self\"  ><img loading=\"lazy\" decoding=\"async\" width=\"1050\" height=\"875\" src=\"https:\/\/starsforeurope.com\/fr\/wp-content\/uploads\/sites\/13\/2025\/09\/2025_Poinsettia_02170_DIY_Upcycled_Carton_Winter_Village.jpg\" class=\"attachment-post-thumbnail size-post-thumbnail wp-post-image\" alt=\"Bricolage de No\u00ebl avec les enfants\u202f: un village de No\u00ebl fait-maison avec des briques en cartons\u00a0\" style=\"width:100%;height:100%;object-fit:cover;\" srcset=\"https:\/\/starsforeurope.com\/fr\/wp-content\/uploads\/sites\/13\/2025\/09\/2025_Poinsettia_02170_DIY_Upcycled_Carton_Winter_Village.jpg 1050w, https:\/\/starsforeurope.com\/fr\/wp-content\/uploads\/sites\/13\/2025\/09\/2025_Poinsettia_02170_DIY_Upcycled_Carton_Winter_Village-300x250.jpg 300w, https:\/\/starsforeurope.com\/fr\/wp-content\/uploads\/sites\/13\/2025\/09\/2025_Poinsettia_02170_DIY_Upcycled_Carton_Winter_Village-1024x853.jpg 1024w, https:\/\/starsforeurope.com\/fr\/wp-content\/uploads\/sites\/13\/2025\/09\/2025_Poinsettia_02170_DIY_Upcycled_Carton_Winter_Village-768x640.jpg 768w\" sizes=\"auto, (max-width: 1050px) 100vw, 1050px\" \/><\/a><\/figure>\n\n<h3 class=\"wp-block-post-title\"><a href=\"https:\/\/starsforeurope.com\/fr\/blog\/bricolage-de-noel-avec-les-enfants-un-village-de-noel-fait-maison-avec-des-briques-en-cartons\/\" target=\"_self\" >Bricolage de No\u00ebl avec les enfants\u202f: un village de No\u00ebl fait-maison avec des briques en cartons\u00a0<\/a><\/h3>\n\n\n<div class=\"wp-block-group postmetaline is-nowrap is-layout-flex wp-container-core-group-is-layout-6c531013 wp-block-group-is-layout-flex\"><div class=\"wp-block-post-date\"><time datetime=\"2025-09-09T20:48:28+02:00\">09. septembre 2025<\/time><\/div>\n\n<\/div>\n\n\n<div class=\"wp-block-post-excerpt\"><p class=\"wp-block-post-excerpt__excerpt\">Bricolage amusant pour tous les \u00e2ges : cr\u00e9ez un village de No\u00ebl durable avec des mini poinsettias \u2013avec une vid\u00e9o \u00e9tape par \u00e9tape<\/p><p class=\"wp-block-post-excerpt__more-text\"><a class=\"wp-block-post-excerpt__more-link\" href=\"https:\/\/starsforeurope.com\/fr\/blog\/bricolage-de-noel-avec-les-enfants-un-village-de-noel-fait-maison-avec-des-briques-en-cartons\/\">Lire la suite<\/a><\/p><\/div>\n<\/li><li class=\"wp-block-post post-7736 blog type-blog status-publish has-post-thumbnail hentry blog_main-emplacement blog_main-entretien blog_main-soin-de-base\">\n<figure style=\"aspect-ratio:1;\" class=\"featuredimage wp-block-post-featured-image\"><a href=\"https:\/\/starsforeurope.com\/fr\/blog\/peut-on-placer-un-poinsettia-contre-une-fenetre-tout-ce-que-vous-devez-savoir\/\" target=\"_self\"  ><img loading=\"lazy\" decoding=\"async\" width=\"875\" height=\"1050\" src=\"https:\/\/starsforeurope.com\/fr\/wp-content\/uploads\/sites\/13\/2024\/10\/2024-poinsettia-04000-cosy-cottage-charm-13.jpg\" class=\"attachment-post-thumbnail size-post-thumbnail wp-post-image\" alt=\"Peut-on placer un poinsettia contre une fen\u00eatre ? Tout ce que vous devez savoir\" style=\"width:100%;height:100%;object-fit:cover;\" srcset=\"https:\/\/starsforeurope.com\/fr\/wp-content\/uploads\/sites\/13\/2024\/10\/2024-poinsettia-04000-cosy-cottage-charm-13.jpg 875w, https:\/\/starsforeurope.com\/fr\/wp-content\/uploads\/sites\/13\/2024\/10\/2024-poinsettia-04000-cosy-cottage-charm-13-250x300.jpg 250w, https:\/\/starsforeurope.com\/fr\/wp-content\/uploads\/sites\/13\/2024\/10\/2024-poinsettia-04000-cosy-cottage-charm-13-853x1024.jpg 853w, https:\/\/starsforeurope.com\/fr\/wp-content\/uploads\/sites\/13\/2024\/10\/2024-poinsettia-04000-cosy-cottage-charm-13-768x922.jpg 768w, https:\/\/starsforeurope.com\/fr\/wp-content\/uploads\/sites\/13\/2024\/10\/2024-poinsettia-04000-cosy-cottage-charm-13-563x675.jpg 563w\" sizes=\"auto, (max-width: 875px) 100vw, 875px\" \/><\/a><\/figure>\n\n<h3 class=\"wp-block-post-title\"><a href=\"https:\/\/starsforeurope.com\/fr\/blog\/peut-on-placer-un-poinsettia-contre-une-fenetre-tout-ce-que-vous-devez-savoir\/\" target=\"_self\" >Peut-on placer un poinsettia contre une fen\u00eatre ? Tout ce que vous devez savoir<\/a><\/h3>\n\n\n<div class=\"wp-block-group postmetaline is-nowrap is-layout-flex wp-container-core-group-is-layout-6c531013 wp-block-group-is-layout-flex\"><div class=\"wp-block-post-date\"><time datetime=\"2024-11-19T14:54:05+01:00\">19. novembre 2024<\/time><\/div>\n\n<\/div>\n\n\n<div class=\"wp-block-post-excerpt\"><p class=\"wp-block-post-excerpt__excerpt\">Comment entretenir votre poinsettia plac\u00e9 sur une fen\u00eatre et le mettre en valeur : des conseils sur l&#8217;emplacement, la temp\u00e9rature et les d\u00e9corations de No\u00ebl.<\/p><p class=\"wp-block-post-excerpt__more-text\"><a class=\"wp-block-post-excerpt__more-link\" href=\"https:\/\/starsforeurope.com\/fr\/blog\/peut-on-placer-un-poinsettia-contre-une-fenetre-tout-ce-que-vous-devez-savoir\/\">Lire la suite<\/a><\/p><\/div>\n<\/li><\/ul>\n\n<nav class=\"wp-block-query-pagination is-content-justification-center is-layout-flex wp-container-core-query-pagination-is-layout-a89b3969 wp-block-query-pagination-is-layout-flex\" aria-label=\"Pagination\">\n\n\n<div class=\"wp-block-query-pagination-numbers has-medium-font-size\"><span aria-current=\"page\" class=\"page-numbers current\">1<\/span>\n<a class=\"page-numbers\" href=\"?query-0-page=2\">2<\/a>\n<a class=\"page-numbers\" href=\"?query-0-page=3\">3<\/a>\n<span class=\"page-numbers dots\">\u2026<\/span>\n<a class=\"page-numbers\" href=\"?query-0-page=7\">7<\/a><\/div>\n\n<a href=\"\/fr\/wp-json\/wp\/v2\/pages\/7914?query-0-page=2\" class=\"wp-block-query-pagination-next\">\u22b3<\/a>\n<\/nav>\n\n<\/div>\n\n\n\n<div style=\"height:3rem\" aria-hidden=\"true\" class=\"wp-block-spacer\"><\/div>\n<\/div>","protected":false},"excerpt":{"rendered":"<p>D\u00e9couvrez les origines, les significations et les faits amusants qui se cachent derri\u00e8re la fleur pr\u00e9f\u00e9r\u00e9e des f\u00eates.<\/p>\n","protected":false},"author":40,"featured_media":4353,"parent":26,"menu_order":0,"comment_status":"closed","ping_status":"closed","template":"two-column-blog-single","meta":{"_acf_changed":false,"footnotes":""},"class_list":["post-7914","page","type-page","status-publish","has-post-thumbnail","hentry"],"acf":[],"_links":{"self":[{"href":"https:\/\/starsforeurope.com\/fr\/wp-json\/wp\/v2\/pages\/7914","targetHints":{"allow":["GET"]}}],"collection":[{"href":"https:\/\/starsforeurope.com\/fr\/wp-json\/wp\/v2\/pages"}],"about":[{"href":"https:\/\/starsforeurope.com\/fr\/wp-json\/wp\/v2\/types\/page"}],"author":[{"embeddable":true,"href":"https:\/\/starsforeurope.com\/fr\/wp-json\/wp\/v2\/users\/40"}],"replies":[{"embeddable":true,"href":"https:\/\/starsforeurope.com\/fr\/wp-json\/wp\/v2\/comments?post=7914"}],"version-history":[{"count":1,"href":"https:\/\/starsforeurope.com\/fr\/wp-json\/wp\/v2\/pages\/7914\/revisions"}],"predecessor-version":[{"id":7915,"href":"https:\/\/starsforeurope.com\/fr\/wp-json\/wp\/v2\/pages\/7914\/revisions\/7915"}],"up":[{"embeddable":true,"href":"https:\/\/starsforeurope.com\/fr\/wp-json\/wp\/v2\/pages\/26"}],"wp:featuredmedia":[{"embeddable":true,"href":"https:\/\/starsforeurope.com\/fr\/wp-json\/wp\/v2\/media\/4353"}],"wp:attachment":[{"href":"https:\/\/starsforeurope.com\/fr\/wp-json\/wp\/v2\/media?parent=7914"}],"curies":[{"name":"wp","href":"https:\/\/api.w.org\/{rel}","templated":true}]}}

<div class="wp-block-group postimage-half wide-content is-layout-flow wp-block-group-is-layout-flow" style="margin-top:var(--wp--preset--spacing--50)">
<div style="height:3rem" aria-hidden="true" class="wp-block-spacer"></div>



<div class="wp-block-query is-layout-flow wp-block-query-is-layout-flow"><ul class="columns-2 wp-block-post-template is-layout-grid wp-container-core-post-template-is-layout-37ef2942 wp-block-post-template-is-layout-grid"><li class="wp-block-post post-8269 blog type-blog status-publish has-post-thumbnail hentry">
<figure style="aspect-ratio:1;" class="featuredimage wp-block-post-featured-image"><a href="https://starsforeurope.com/fr/blog/points-de-noel-un-symbole-de-noel-dans-le-monde-entier/" target="_self"  ><img loading="lazy" decoding="async" width="1050" height="875" src="https://starsforeurope.com/fr/wp-content/uploads/sites/13/2025/09/2022_poinsettia_06000_Christmas_Warmth_03.jpg" class="attachment-post-thumbnail size-post-thumbnail wp-post-image" alt="Poinsettia : symbolique, origines &amp; inspiration pour la période de l’Avent " style="width:100%;height:100%;object-fit:cover;" srcset="https://starsforeurope.com/fr/wp-content/uploads/sites/13/2025/09/2022_poinsettia_06000_Christmas_Warmth_03.jpg 1050w, https://starsforeurope.com/fr/wp-content/uploads/sites/13/2025/09/2022_poinsettia_06000_Christmas_Warmth_03-300x250.jpg 300w, https://starsforeurope.com/fr/wp-content/uploads/sites/13/2025/09/2022_poinsettia_06000_Christmas_Warmth_03-1024x853.jpg 1024w, https://starsforeurope.com/fr/wp-content/uploads/sites/13/2025/09/2022_poinsettia_06000_Christmas_Warmth_03-768x640.jpg 768w" sizes="auto, (max-width: 1050px) 100vw, 1050px" /></a></figure>

<h3 class="wp-block-post-title"><a href="https://starsforeurope.com/fr/blog/points-de-noel-un-symbole-de-noel-dans-le-monde-entier/" target="_self" >Poinsettia : symbolique, origines &amp; inspiration pour la période de l’Avent </a></h3>


<div class="wp-block-group postmetaline is-nowrap is-layout-flex wp-container-core-group-is-layout-6c531013 wp-block-group-is-layout-flex"><div class="wp-block-post-date"><time datetime="2025-09-10T15:13:00+02:00">10. septembre 2025</time></div>

</div>


<div class="wp-block-post-excerpt"><p class="wp-block-post-excerpt__excerpt">Dehors, tout est gris, mais à l’intérieur l’ambiance est chaleureuse ! Les poinsettias apportent couleurs et symbolique pendant les mois d’hiver et relient toute l’Europe.</p><p class="wp-block-post-excerpt__more-text"><a class="wp-block-post-excerpt__more-link" href="https://starsforeurope.com/fr/blog/points-de-noel-un-symbole-de-noel-dans-le-monde-entier/">Lire la suite</a></p></div>
</li><li class="wp-block-post post-8259 blog type-blog status-publish has-post-thumbnail hentry">
<figure style="aspect-ratio:1;" class="featuredimage wp-block-post-featured-image"><a href="https://starsforeurope.com/fr/blog/decoration-de-table-dapres-les-fetes-transformer-son-poinsettia-en-quelque-chose-de-nouveau/" target="_self"  ><img loading="lazy" decoding="async" width="1050" height="875" src="https://starsforeurope.com/fr/wp-content/uploads/sites/13/2025/09/2025_Poinsettia_01120_DIY_Wallpaper_Vases_09.jpg" class="attachment-post-thumbnail size-post-thumbnail wp-post-image" alt="Décoration de table d’après les fêtes : transformer son poinsettia en quelque chose de nouveau " style="width:100%;height:100%;object-fit:cover;" srcset="https://starsforeurope.com/fr/wp-content/uploads/sites/13/2025/09/2025_Poinsettia_01120_DIY_Wallpaper_Vases_09.jpg 1050w, https://starsforeurope.com/fr/wp-content/uploads/sites/13/2025/09/2025_Poinsettia_01120_DIY_Wallpaper_Vases_09-300x250.jpg 300w, https://starsforeurope.com/fr/wp-content/uploads/sites/13/2025/09/2025_Poinsettia_01120_DIY_Wallpaper_Vases_09-1024x853.jpg 1024w, https://starsforeurope.com/fr/wp-content/uploads/sites/13/2025/09/2025_Poinsettia_01120_DIY_Wallpaper_Vases_09-768x640.jpg 768w" sizes="auto, (max-width: 1050px) 100vw, 1050px" /></a></figure>

<h3 class="wp-block-post-title"><a href="https://starsforeurope.com/fr/blog/decoration-de-table-dapres-les-fetes-transformer-son-poinsettia-en-quelque-chose-de-nouveau/" target="_self" >Décoration de table d’après les fêtes : transformer son poinsettia en quelque chose de nouveau </a></h3>


<div class="wp-block-group postmetaline is-nowrap is-layout-flex wp-container-core-group-is-layout-6c531013 wp-block-group-is-layout-flex"><div class="wp-block-post-date"><time datetime="2025-09-09T22:10:10+02:00">09. septembre 2025</time></div>

</div>


<div class="wp-block-post-excerpt"><p class="wp-block-post-excerpt__excerpt">Créez votre décoration de table durable pour l’hiver avec des poinsettias. Suivez nos instructions faciles pour une décoration hivernale simple et écologique! À réaliser dès maintenant!</p><p class="wp-block-post-excerpt__more-text"><a class="wp-block-post-excerpt__more-link" href="https://starsforeurope.com/fr/blog/decoration-de-table-dapres-les-fetes-transformer-son-poinsettia-en-quelque-chose-de-nouveau/">Lire la suite</a></p></div>
</li><li class="wp-block-post post-8250 blog type-blog status-publish has-post-thumbnail hentry">
<figure style="aspect-ratio:1;" class="featuredimage wp-block-post-featured-image"><a href="https://starsforeurope.com/fr/blog/bricolage-de-noel-avec-les-enfants-un-village-de-noel-fait-maison-avec-des-briques-en-cartons/" target="_self"  ><img loading="lazy" decoding="async" width="1050" height="875" src="https://starsforeurope.com/fr/wp-content/uploads/sites/13/2025/09/2025_Poinsettia_02170_DIY_Upcycled_Carton_Winter_Village.jpg" class="attachment-post-thumbnail size-post-thumbnail wp-post-image" alt="Bricolage de Noël avec les enfants : un village de Noël fait-maison avec des briques en cartons " style="width:100%;height:100%;object-fit:cover;" srcset="https://starsforeurope.com/fr/wp-content/uploads/sites/13/2025/09/2025_Poinsettia_02170_DIY_Upcycled_Carton_Winter_Village.jpg 1050w, https://starsforeurope.com/fr/wp-content/uploads/sites/13/2025/09/2025_Poinsettia_02170_DIY_Upcycled_Carton_Winter_Village-300x250.jpg 300w, https://starsforeurope.com/fr/wp-content/uploads/sites/13/2025/09/2025_Poinsettia_02170_DIY_Upcycled_Carton_Winter_Village-1024x853.jpg 1024w, https://starsforeurope.com/fr/wp-content/uploads/sites/13/2025/09/2025_Poinsettia_02170_DIY_Upcycled_Carton_Winter_Village-768x640.jpg 768w" sizes="auto, (max-width: 1050px) 100vw, 1050px" /></a></figure>

<h3 class="wp-block-post-title"><a href="https://starsforeurope.com/fr/blog/bricolage-de-noel-avec-les-enfants-un-village-de-noel-fait-maison-avec-des-briques-en-cartons/" target="_self" >Bricolage de Noël avec les enfants : un village de Noël fait-maison avec des briques en cartons </a></h3>


<div class="wp-block-group postmetaline is-nowrap is-layout-flex wp-container-core-group-is-layout-6c531013 wp-block-group-is-layout-flex"><div class="wp-block-post-date"><time datetime="2025-09-09T20:48:28+02:00">09. septembre 2025</time></div>

</div>


<div class="wp-block-post-excerpt"><p class="wp-block-post-excerpt__excerpt">Bricolage amusant pour tous les âges : créez un village de Noël durable avec des mini poinsettias –avec une vidéo étape par étape</p><p class="wp-block-post-excerpt__more-text"><a class="wp-block-post-excerpt__more-link" href="https://starsforeurope.com/fr/blog/bricolage-de-noel-avec-les-enfants-un-village-de-noel-fait-maison-avec-des-briques-en-cartons/">Lire la suite</a></p></div>
</li><li class="wp-block-post post-7736 blog type-blog status-publish has-post-thumbnail hentry blog_main-emplacement blog_main-entretien blog_main-soin-de-base">
<figure style="aspect-ratio:1;" class="featuredimage wp-block-post-featured-image"><a href="https://starsforeurope.com/fr/blog/peut-on-placer-un-poinsettia-contre-une-fenetre-tout-ce-que-vous-devez-savoir/" target="_self"  ><img loading="lazy" decoding="async" width="875" height="1050" src="https://starsforeurope.com/fr/wp-content/uploads/sites/13/2024/10/2024-poinsettia-04000-cosy-cottage-charm-13.jpg" class="attachment-post-thumbnail size-post-thumbnail wp-post-image" alt="Peut-on placer un poinsettia contre une fenêtre ? Tout ce que vous devez savoir" style="width:100%;height:100%;object-fit:cover;" srcset="https://starsforeurope.com/fr/wp-content/uploads/sites/13/2024/10/2024-poinsettia-04000-cosy-cottage-charm-13.jpg 875w, https://starsforeurope.com/fr/wp-content/uploads/sites/13/2024/10/2024-poinsettia-04000-cosy-cottage-charm-13-250x300.jpg 250w, https://starsforeurope.com/fr/wp-content/uploads/sites/13/2024/10/2024-poinsettia-04000-cosy-cottage-charm-13-853x1024.jpg 853w, https://starsforeurope.com/fr/wp-content/uploads/sites/13/2024/10/2024-poinsettia-04000-cosy-cottage-charm-13-768x922.jpg 768w, https://starsforeurope.com/fr/wp-content/uploads/sites/13/2024/10/2024-poinsettia-04000-cosy-cottage-charm-13-563x675.jpg 563w" sizes="auto, (max-width: 875px) 100vw, 875px" /></a></figure>

<h3 class="wp-block-post-title"><a href="https://starsforeurope.com/fr/blog/peut-on-placer-un-poinsettia-contre-une-fenetre-tout-ce-que-vous-devez-savoir/" target="_self" >Peut-on placer un poinsettia contre une fenêtre ? Tout ce que vous devez savoir</a></h3>


<div class="wp-block-group postmetaline is-nowrap is-layout-flex wp-container-core-group-is-layout-6c531013 wp-block-group-is-layout-flex"><div class="wp-block-post-date"><time datetime="2024-11-19T14:54:05+01:00">19. novembre 2024</time></div>

</div>


<div class="wp-block-post-excerpt"><p class="wp-block-post-excerpt__excerpt">Comment entretenir votre poinsettia placé sur une fenêtre et le mettre en valeur : des conseils sur l&#8217;emplacement, la température et les décorations de Noël.</p><p class="wp-block-post-excerpt__more-text"><a class="wp-block-post-excerpt__more-link" href="https://starsforeurope.com/fr/blog/peut-on-placer-un-poinsettia-contre-une-fenetre-tout-ce-que-vous-devez-savoir/">Lire la suite</a></p></div>
</li></ul>

<nav class="wp-block-query-pagination is-content-justification-center is-layout-flex wp-container-core-query-pagination-is-layout-a89b3969 wp-block-query-pagination-is-layout-flex" aria-label="Pagination">


<div class="wp-block-query-pagination-numbers has-medium-font-size"><span aria-current="page" class="page-numbers current">1</span>
<a class="page-numbers" href="?query-0-page=2">2</a>
<a class="page-numbers" href="?query-0-page=3">3</a>
<span class="page-numbers dots">…</span>
<a class="page-numbers" href="?query-0-page=7">7</a></div>

<a href="/fr/wp-json/wp/v2/pages/7914?query-0-page=2" class="wp-block-query-pagination-next">⊳</a>
</nav>

</div>



<div style="height:3rem" aria-hidden="true" class="wp-block-spacer"></div>
</div>

<p>Découvrez les origines, les significations et les faits amusants qui se cachent derrière la fleur préférée des fêtes.</p>
